luate (23 - 9) + (4 - (5 - -5)).
8
What is -1 + 2 + 50 + -45?
6
What is the value of (2 - -3 - 0) + (29 - 36)?
-2
-85 + 95 - (16 - 2)
-4
5 - (16 + -9 + (1 - -2))
-5
What is the value of 3 + -3 - 2 - (2 - 5)?
1
What is (4 - -2) + 0 + -2 + 2?
6
Evaluate (3 - 1) + -1 + (0 - 2).
-1
(-18 - -18) + -2 + 4
2
What is 1 + -1 - (-7 + 2)?
5
What is (6 - 0) + -8 + 6?
4
What is the value of -7 + 3 + 5 - 5?
-4
Evaluate -4 - (-1 - ((-2 - -4) + 0)).
-1
-2 + 5 + -2 + -2 - -2
1
What is the value of 0 - -7 - 8 - 1?
-2
2 + 4 + -5 + 4
5
Evaluate (11 - 7) + (0 - 4).
0
Calculate (-6 - 0) + (-59 - -67).
2
Evaluate 3 + -9 + -1 + 4.
-3
Evaluate -17 + 11 - (-4 - 3).
1
Evaluate 8 + (0 - (3 + 0)).
5
-2 - -5 - -1 - 1 - 5
-2
What is the value of (-1 - 1) + -59 + 54?
-7
Calculate 1 + (-4 - (-3 + 4)).
-4
What is 3 + (-2 - -3) + (-2 - -4)?
6
What is the value of (-4 - (-5 - -2) - -7) + -1?
5
What is 5 + (-3 + -5 + -3 - -5)?
-1
Evaluate -3 + (1 - 2) + 5.
1
Calculate -5 - 5 - -23 - 22.
-9
Evaluate 1 + 1 + (-29 - -22) + 5.
0
Evaluate -1 + 2 - (-16 - -17).
0
What is the value of (0 - -11 - 6 - 4) + -5?
-4
What is the value of -8 - (-17 + 2 + 8)?
-1
Evaluate 2 - (-6 + -6 + 16 + 1).
-3
Calculate 12 - (-3 + 12 - 3).
6
Calculate 5 - (0 + 2) - 5 - -4.
2
What is the value of (0 + 5 - 4) + 4?
5
Evaluate (-4 - (-4 + 1)) + -3.
-4
Evaluate -5 + (1 - -5) + -4 + 13.
10
-6 + 0 - (-50 - -42)
2
Evaluate 6 + 7 + -3 - 7.
3
What is the value of -7 + 2 + (28 - 20) - 1?
2
What is the value of -5 + (7 - (0 - -2)) + 4?
4
What is (7 - 6) + -1 + -4?
-4
8 - 24 - -5 - -5
-6
What is 6 - 7 - (-2 + 4)?
-3
8 - (1 - 4 - (-8 + 3))
6
Evaluate 8 + (-5 - (-1 + -3)).
7
0 + 11 + -4 - 2
5
(-2 - (-11 + 6)) + -10
-7
What is -7 - (2 + (7 - 11))?
-5
What is -12 + (0 + (7 - -7) - 7)?
-5
Evaluate -3 + 5 + -1 + -6 + 3.
-2
What is the value of -3 + (1 - 1) + 3?
0
What is the value of (55 - 50) + -11 + 2?
-4
Calculate 51 + -43 + (-4 - -1).
5
What is -26 + 30 + (-3 - 4)?
-3
Calculate 5 + -5 + -6 + 2.
-4
What is the value of 7 - 4 - (3 + 3)?
-3
Evaluate -2 + (6 - (-1 + 6)) + -5.
-6
3 - (5 + -5 - (1 - 4))
0
Evaluate 4 + (-8 - -5) - -3.
4
What is (10 - -10) + 8 + -20?
8
-4 + 2 + 2 + -2 + 7
5
1 - (7 + -6 + 3 + -11)
8
Calculate -11 + -6 + 8 + 2 + 2.
-5
Calculate -1 + 0 + -2 + 0.
-3
(-2 - -2) + (1 - 0)
1
Evaluate -6 + -1 + -1 + 6 + -2.
-4
What is the value of -2 + 0 - (2 + -1 - -1)?
-4
What is 0 + (-1 - -4 - 1)?
2
Calculate -14 + 17 - (-2 - 0).
5
What is 11 - (5 + -5 - -9)?
2
What is 1 + 4 + -2 - -1 - 7?
-3
Evaluate -1 + (-10 - -1 - -5) - -7.
2
Calculate 2 + -1 - (6 + 0) - 0.
-5
What is the value of (-2 - (5 - 2)) + 5 - -1?
1
What is (1 - 1) + 3 - 7?
-4
What is the value of 2 + (-7 + 12 - 1)?
6
Calculate 11 + 1 + (-7 - -1).
6
-1 + 3 - (1 + -2) - 1
2
Evaluate (0 - -1) + (-1 - 3) + 0.
-3
Calculate -2 + (7 - 0) - 8.
-3
What is (-3 - 3) + 0 + 3?
-3
Evaluate 2 + -3 + 4 + -3.
0
Evaluate -6 + 4 + 2 + -6 + 1.
-5
Calculate 9 - (5 + (7 - 2)).
-1
Evaluate -2 - (-2 - (0 + 1)).
1
What is the value of 3 + 1 + -11 + -2 + 5?
-4
What is the value of -2 + 3 + (-1 - 6) - -3?
-3
13 + -33 - -12 - -18
10
What is -8 + 10 + -7 - (-4 + -1)?
0
Calculate -6 - (-2 + 0 + -2).
-2
4 + (0 - 2) - -3
5
Calculate -1 + (11 - 12) - (-4 + 4).
-2
What is -3 + (-4 - 4) + 10?
-1
What is the value of 27 + -9 - 13 - 9?
-4
Evaluate 12 - ((2 - -2) + 3).
5
What is (-2 - -3) + (4 - (12 - 6))?
-1
What is the value of -5 + 12 + 10 + -10?
7
What is the value of 4 - ((4 - -1 - 5) + 0)?
4
What is 4 + 1 + 0 + -1?
4
Calculate 4 - (4 - 0 - 2).
2
What is (5 - (7 + -3) - 1) + 4?
4
Calculate 1 - (-9 + 5) - 0.
5
2 + 1 + (0 - -2)
5
What is the value of 3 - (-3 + (9 - (0 - -4)))?
1
Calculate 8 - (9 - 2 - -4).
-3
What is the value of (3 - 6) + (4 - 10 - -7)?
-2
Calculate (1 - 5) + (6 - 3) - 1.
-2
What is -2 - -7 - (-9 - -15)?
-1
(-1 - -2 - 0) + (-1 - 1)
-1
What is the value of 4 + -11 + (0 - (1 - 4))?
-4
Calculate (-15 - (-14 + 6)) + (-1 - -3).
-5
-30 + 28 - (-8 - 1)
7
Evaluate -2 + (5 - (-3 + 3) - 1).
2
(3 - 10 - -4) + (1 - 6)
-8
Calculate -1 + (-9 - (-16 + 7)).
-1
What is (-6 - -5) + (-2 - -13)?
10
What is -17 - (-2 - 10) - (1 - 6)?
0
What is -1 + 0 + -5 + 4 + -1?
-3
Evaluate 51 - 54 - (-2 - -2).
-3
What is -1 - (-2 - 0) - -1?
2
-6 + 5 + -4 + 5 + 2
2
What is 1 + (-2 - 0) + (21 - 20)?
0
Evaluate 12 + -3 + (-10 - -7).
6
(-8 - -5) + 15 - 3
9
(-4 - (2 + -1)) + -2 - -3
-4
What is (2 - -3) + (4 - (9 + 0))?
0
Calculate -7 + -2 + 18 + -12.
-3
(-4 - 0) + 5 + 0 - -6
7
Calculate -3 + 5 + -5 - -2.
-1
Evaluate -13 + 5 - -2 - -1.
-5
What is -6 - (-7 - -5 - 4)?
0
Evaluate 0 + -6 + -31 + 40 + -1.
2
Calculate -5 + 11 + -3 + -8.
-5
0 + -8 - (19 + -25)
-2
2 - (1 - 0 - (7 - 8))
0
2 + -8 + 5 - -4
3
Evaluate (2 - 0) + -3 + 3.
2
Calculate (-4 - (-1 + -1)) + 1.
-1
What is the value of 2 + -1 - -3 - 3?
1
0 + 4 - (8 - (-3 + 14))
7
-5 + (2 - 10) + 10
-3
(-1 - 0) + (253 - 259)
-7
3 + (10 - (12 + 6))
-5
Evaluate (-3 - -3) + 3 + -7 + 4.
0
What is the value of -1 + (0 - 1 - -1 - 5)?
-6
Calculate (11 - 9) + (-3 - -1).
0
What is the value of 14 + -20 + (0 - 0) + 2?
-4
Calculate 4 + -4 + 2 + 2.
4
What is the value of -1 - ((0 - 0) + (-3 - 0))?
2
What is 1 + -7 + 0 - (-4 - 0)?
-2
Calculate (18 - 15) + (2 - 7).
-2
2 + 4 + (3 - (4 + 4))
1
What is (-9 - (-1 + -2) - -5) + -2?
-3
-15 + (21 - 9) - -10
7
Calculate -2 - 4 - (4 - 4).
-6
What is the value of 6 + (3 + -12 - -4)?
1
What is -4 - 4 - -5 - -1?
-2
Calculate 0 + 0 + (1 - 3).
-2
(3 - 0 - 8) + (-9 - -8)
-6
What is the value of -4 - (0 + -4 + -2)?
2
What is the value of -2 + -1 + -4 + 3?
-4
-4 + (3 - (-3 - -10)) + 5
-3
Evaluate -2 - 5 - 2 - -7.
-2
Evaluate -4 + -1 - (11 - 13).
-3
Calculate 3 - (13 + (-2 - 3)).
-5
-2 + 6 - 2 - 3
-1
What is the value of 3 + -5 + 9 + -6?
1
0 + 6 + -2 + -4 + 2
2
Evaluate 0 + (-4 + -1 - -5).
0
Evaluate 10 + -13 - (-7 + 1).
3
What is the value of -4 - (-10 - -3) - 1?
2
0 - (-1 + -1) - (-4 - -11)
-5
Calculate 2 - (-1 - -2 - (-9 + 12)).
4
Evaluate (3 - (7 + -3) - -3) + -6.
-4
What is the value of (-6 + 3 - -16) + 0 + -4?
9
What is the value of 6 + (3 - (6 - -6 - 5))?
2
Calculate 0 + 4 - -2 - 15 - -4.
-5
What is the value of -2 - (-1 - -6 - (18 + -11))?
0
Evaluate -4 - (-11 - -6) - (-3 + -1).
5
What is the value of -59 + 64 + -1 + -6?
-2
Evaluate -9 - 7 - (-9 - 1).
-6
Evaluate (-5 - 0) + 17 + (-5 - 15).
-8
What is 4 - (-3 - -8) - (-4 - -6)?
-3
What is the value of -3 - (0 - (-2 - -2))?
-3
3 + (-1 - -2) - 1 - 9
-6
Calculate -12 - (12 + -4 + -19).
-1
What is the value of 0 + 1 + -4 - -5?
2
0 + (-6 - 0) - (-12 + 9)
-3
Evaluate -25 + 26 + (5 - 1).
5
Calculate 9 - ((3 - -5) + 2).
-1
Calculate (1 - 1) + (-7 + 12 - 9).
-4
Evaluate (-1 - (-6 + (-5 - -9))) + 7.
8
Evaluate 0 + -1 + 10 + -5 + -1.
3
-4 + 14 - (6 + 4)
0
-11 - ((4 - 1) + -2 - 8)
-4
What is (-6 + 2 - 3) + 8?
1
Evaluate 3 + (0 - (5 - 3)) - -3.
4
Calculate (3 - 9) + 3 - -5.
2
Evaluate 2 + 0 + -1 + 4 + -3.
2
Evaluate 1 - (-1 + 6 + -4 + 0).
0
What is the value of 4 + (-7 + 3 - -3)?
3
Evaluate (-3 - -5) + 0 + -2 + -2.
-2
What is the value of -6 + 5 + 1 - 4?
-4
What is (7 - (2 + 2)) + -8?
-5
Calculate -39 + 44 - (10 - 0).
-5
5 - ((-8 - 2) + 3 - -2)
10
(-3 - (1 - 1)) + 1 + 0
-2
Calculate (1 - -7) + (-18 - -14).
4
What is 0 - 1 - -4 - (216 + -204)?
-9
(1 - 0) + -2 + 2 - -2
3
Calculate 3 + -6 + -3 + 7.
1
Calculate 13 + -10 + -6 + 2.
-1
Evaluate 1 + (3 - 2) + 2.
4
Evaluate -10 - -17 - 13 - -5.
-1
Evaluate 3 + (-2 - -2 - -1 - -1).
5
Calculate (-4 - 1) + 10 - 5 - -1.
1
(0 - -3) + 1 + -4 - 4
-4
Calculate -2 + 2 + 2 + -4.
-2
-1 + -5 + 10 + -1 - 6
-3
What is (1 - -3 - -1) + -2?
3
18 + -24 - (-2 - -1)
-5
What is the value of 1 - (0 + 0) - (-6 + 4)?
3
Calculate -1 + 4 + -27 + 30 + -4.
2
Calculate 15 + (-10 - -1) + -1.
5
Calculate -6 + -1 + (7 - 3).
-3
Evaluate -5 + -1 - (-5 - 0 - -4).
-5
What is the value of 1 + (3 - 4 - 1)?
-1
(7 - 2) + (-9 - -5) + 1
2
Evaluate -6 - 3 - 1 - (6 - 10).
-6
4 - (2 + 3 - 4)
3
Calculate (-4 - -2 - 11) + -27 + 33.
-7
What is -6 - 1 - (-28 + 25)?
-4
What is the value of 21 + -17 - (0 - 1)?
5
What is (-4 + 9 - 1) + 0 - -1?
5
What is (3 + -17 + 4 - -5) + 7?
2
Calculate -7 - (-3 - 3 - 1).
0
Evaluate (3 - 5) + 5 + -4.
-1
What is (0 - 0) + -2 - (-77 - -76)?
-1
Calculate (-7 - (8 - 9)) + 0.
-6
Evaluate -4 - (3 + -1) - -5.
-1
What is 7 + (3 - 21) - (2 + -5)?
-8
Calculate 1 + 1 + 2 + (26 - 35).
-5